{"id":36,"date":"2013-04-02T11:55:37","date_gmt":"2013-04-02T11:55:37","guid":{"rendered":"https:\/\/centroderecursosmarista.org\/?page_id=36"},"modified":"2019-08-09T08:40:58","modified_gmt":"2019-08-09T12:40:58","slug":"inicio","status":"publish","type":"page","link":"https:\/\/centroderecursosmarista.org\/?page_id=36","title":{"rendered":"Centro de Recursos"},"content":{"rendered":"\n<div class=\"alignnormal\"><div id=\"metaslider-id-461\" style=\"max-width: 908px; margin: 0 auto;\" class=\"ml-slider-3-28-3 metaslider metaslider-flex metaslider-461 ml-slider ms-theme-architekt nav-hidden\">\n    <div id=\"metaslider_container_461\">\n        <div id=\"metaslider_461\" class=\"flexslider\">\n            <ul aria-live=\"polite\" class=\"slides\">\n                <li style=\"display: block; width: 100%;\" class=\"slide-1548 ms-image\"><img src=\"https:\/\/centroderecursosmarista.org\/wp-content\/uploads\/2018\/11\/20181114_081807-e1542203960860-908x272.jpg\" height=\"272\" width=\"908\" alt=\"\" class=\"slider-461 slide-1548\" title=\"20181114_081807\" \/><\/li>\n                <li style=\"display: none; width: 100%;\" class=\"slide-1553 ms-image\"><img src=\"https:\/\/centroderecursosmarista.org\/wp-content\/uploads\/2018\/11\/20181029_073909-e1542204040468-908x272.jpg\" height=\"272\" width=\"908\" alt=\"\" class=\"slider-461 slide-1553\" title=\"20181029_073909\" \/><\/li>\n                <li style=\"display: none; width: 100%;\" class=\"slide-1549 ms-image\"><img src=\"https:\/\/centroderecursosmarista.org\/wp-content\/uploads\/2018\/11\/20181026_141312-e1542204063972-908x272.jpg\" height=\"272\" width=\"908\" alt=\"\" class=\"slider-461 slide-1549\" title=\"20181026_141312\" \/><\/li>\n                <li style=\"display: none; width: 100%;\" class=\"slide-1551 ms-image\"><img src=\"https:\/\/centroderecursosmarista.org\/wp-content\/uploads\/2018\/11\/20181030_093806-e1542204996814-908x272.jpg\" height=\"272\" width=\"908\" alt=\"\" class=\"slider-461 slide-1551\" title=\"20181030_093806\" \/><\/li>\n                <li style=\"display: none; width: 100%;\" class=\"slide-1552 ms-image\"><img src=\"https:\/\/centroderecursosmarista.org\/wp-content\/uploads\/2018\/11\/20181030_084053-e1542205018294-908x272.jpg\" height=\"272\" width=\"908\" alt=\"\" class=\"slider-461 slide-1552\" title=\"20181030_084053\" \/><\/li>\n                <li style=\"display: none; width: 100%;\" class=\"slide-1555 ms-image\"><img src=\"https:\/\/centroderecursosmarista.org\/wp-content\/uploads\/2018\/11\/20180914_134353-e1542204921481-908x272.jpg\" height=\"272\" width=\"908\" alt=\"\" class=\"slider-461 slide-1555\" title=\"20180914_134353\" \/><\/li>\n                <li style=\"display: none; width: 100%;\" class=\"slide-1556 ms-image\"><img src=\"https:\/\/centroderecursosmarista.org\/wp-content\/uploads\/2018\/11\/20180821_085236-e1542205388427-908x272.jpg\" height=\"272\" width=\"908\" alt=\"\" class=\"slider-461 slide-1556\" title=\"20180821_085236\" \/><\/li>\n            <\/ul>\n        <\/div>\n        \n    <\/div>\n<\/div><\/div>\n\n\n<h2 style=\"text-align: center;\"><strong>Visi\u00f3n<\/strong><\/h2>\n<p>El Programa de Servicios Bibliotecarios y de Informaci\u00f3n es un elemento medular que aspira a la creaci\u00f3n de comunidades de aprendizaje para fortalecer la sociedad democr\u00e1tica.<\/p>\n<h2 style=\"text-align: center;\"><strong>Misi\u00f3n<\/strong><\/h2>\n<p>El Programa de Servicios Bibliotecarios y de Informaci\u00f3n contribuye a la formaci\u00f3n de aprendices de por vida promoviendo que el estudiante utilice las ideas y la informaci\u00f3n, considerando los valores \u00e9ticos de la sociedad.<\/p>","protected":false},"excerpt":{"rendered":"<p>Visi\u00f3n El Programa de Servicios Bibliotecarios y de Informaci\u00f3n es un elemento medular que aspira a la creaci\u00f3n de comunidades de aprendizaje para fortalecer la sociedad democr\u00e1tica. Misi\u00f3n El Programa [&hellip;]<\/p>\n","protected":false},"author":1,"featured_media":0,"parent":0,"menu_order":0,"comment_status":"closed","ping_status":"open","template":"","meta":{"jetpack_post_was_ever_published":false},"jetpack_sharing_enabled":false,"jetpack_shortlink":"https:\/\/wp.me\/P3q1yj-A","_links":{"self":[{"href":"https:\/\/centroderecursosmarista.org\/index.php?rest_route=\/wp\/v2\/pages\/36"}],"collection":[{"href":"https:\/\/centroderecursosmarista.org\/index.php?rest_route=\/wp\/v2\/pages"}],"about":[{"href":"https:\/\/centroderecursosmarista.org\/index.php?rest_route=\/wp\/v2\/types\/page"}],"author":[{"embeddable":true,"href":"https:\/\/centroderecursosmarista.org\/index.php?rest_route=\/wp\/v2\/users\/1"}],"replies":[{"embeddable":true,"href":"https:\/\/centroderecursosmarista.org\/index.php?rest_route=%2Fwp%2Fv2%2Fcomments&post=36"}],"version-history":[{"count":19,"href":"https:\/\/centroderecursosmarista.org\/index.php?rest_route=\/wp\/v2\/pages\/36\/revisions"}],"predecessor-version":[{"id":1566,"href":"https:\/\/centroderecursosmarista.org\/index.php?rest_route=\/wp\/v2\/pages\/36\/revisions\/1566"}],"wp:attachment":[{"href":"https:\/\/centroderecursosmarista.org\/index.php?rest_route=%2Fwp%2Fv2%2Fmedia&parent=36"}],"curies":[{"name":"wp","href":"https:\/\/api.w.org\/{rel}","templated":true}]}}