{"id":130,"date":"2013-04-11T17:01:00","date_gmt":"2013-04-11T17:01:00","guid":{"rendered":"https:\/\/centroderecursosmarista.org\/?page_id=130"},"modified":"2020-01-15T10:28:15","modified_gmt":"2020-01-15T14:28:15","slug":"biografias","status":"publish","type":"page","link":"https:\/\/centroderecursosmarista.org\/?page_id=130","title":{"rendered":"Biograf\u00edas"},"content":{"rendered":"\n<div class=\"wp-block-button\"><a class=\"wp-block-button__link has-text-color has-vivid-cyan-blue-color has-background has-very-light-gray-background-color\" href=\"https:\/\/www.biografiasyvidas.com\/\">Biograf\u00edas y Vidas<\/a><\/div>\n\n\n\n<div class=\"wp-block-button\"><a class=\"wp-block-button__link has-text-color has-vivid-cyan-blue-color has-background has-very-light-gray-background-color\" href=\"https:\/\/www.cidob.org\/biografias_lideres_politicos\">Biograf\u00edas de L\u00edderes Pol\u00edticos<\/a><\/div>\n\n\n\n<div class=\"wp-block-button\"><a class=\"wp-block-button__link has-text-color has-vivid-cyan-blue-color has-background has-very-light-gray-background-color\" href=\"https:\/\/vidasfamosas.com\/\">Vidas Famosas<\/a><\/div>\n\n\n\n<div class=\"wp-block-button\"><a class=\"wp-block-button__link has-text-color has-vivid-cyan-blue-color has-background has-very-light-gray-background-color\" href=\"https:\/\/personajeshistoricos.com\/\">Personajes Hist\u00f3ricos<\/a><\/div>\n\n\n\n<div class=\"wp-block-button\"><a class=\"wp-block-button__link has-text-color has-vivid-cyan-blue-color has-background has-very-light-gray-background-color\" href=\"http:\/\/www.mcnbiografias.com\/\">La Web de las Biograf\u00edas<\/a><\/div>\n\n\n\n<div class=\"wp-block-button\"><a class=\"wp-block-button__link has-text-color has-vivid-cyan-blue-color has-background has-very-light-gray-background-color\" href=\"https:\/\/www.biography.com\/\">Biography<\/a><\/div>\n\n\n\n<div class=\"wp-block-button\"><a class=\"wp-block-button__link has-text-color has-vivid-cyan-blue-color has-background has-very-light-gray-background-color\" href=\"http:\/\/www.lexjuris.com\/biografias\/artistas.htm\">Biograf\u00edas de Puerto Rico<\/a><\/div>\n","protected":false},"excerpt":{"rendered":"Biograf\u00edas y Vidas Biograf\u00edas de L\u00edderes Pol\u00edticos Vidas Famosas Personajes Hist\u00f3ricos La Web de las Biograf\u00edas Biography Biograf\u00edas de Puerto Rico","protected":false},"author":1,"featured_media":0,"parent":0,"menu_order":0,"comment_status":"open","ping_status":"open","template":"","meta":{"jetpack_post_was_ever_published":false},"jetpack_sharing_enabled":true,"jetpack_shortlink":"https:\/\/wp.me\/P3q1yj-26","_links":{"self":[{"href":"https:\/\/centroderecursosmarista.org\/index.php?rest_route=\/wp\/v2\/pages\/130"}],"collection":[{"href":"https:\/\/centroderecursosmarista.org\/index.php?rest_route=\/wp\/v2\/pages"}],"about":[{"href":"https:\/\/centroderecursosmarista.org\/index.php?rest_route=\/wp\/v2\/types\/page"}],"author":[{"embeddable":true,"href":"https:\/\/centroderecursosmarista.org\/index.php?rest_route=\/wp\/v2\/users\/1"}],"replies":[{"embeddable":true,"href":"https:\/\/centroderecursosmarista.org\/index.php?rest_route=%2Fwp%2Fv2%2Fcomments&post=130"}],"version-history":[{"count":9,"href":"https:\/\/centroderecursosmarista.org\/index.php?rest_route=\/wp\/v2\/pages\/130\/revisions"}],"predecessor-version":[{"id":1699,"href":"https:\/\/centroderecursosmarista.org\/index.php?rest_route=\/wp\/v2\/pages\/130\/revisions\/1699"}],"wp:attachment":[{"href":"https:\/\/centroderecursosmarista.org\/index.php?rest_route=%2Fwp%2Fv2%2Fmedia&parent=130"}],"curies":[{"name":"wp","href":"https:\/\/api.w.org\/{rel}","templated":true}]}}

Biografías

<div class="wp-block-button"><a class="wp-block-button__link has-text-color has-vivid-cyan-blue-color has-background has-very-light-gray-background-color" href="https://www.biografiasyvidas.com/">Biografías y Vidas</a></div>



<div class="wp-block-button"><a class="wp-block-button__link has-text-color has-vivid-cyan-blue-color has-background has-very-light-gray-background-color" href="https://www.cidob.org/biografias_lideres_politicos">Biografías de Líderes Políticos</a></div>



<div class="wp-block-button"><a class="wp-block-button__link has-text-color has-vivid-cyan-blue-color has-background has-very-light-gray-background-color" href="https://vidasfamosas.com/">Vidas Famosas</a></div>



<div class="wp-block-button"><a class="wp-block-button__link has-text-color has-vivid-cyan-blue-color has-background has-very-light-gray-background-color" href="https://personajeshistoricos.com/">Personajes Históricos</a></div>



<div class="wp-block-button"><a class="wp-block-button__link has-text-color has-vivid-cyan-blue-color has-background has-very-light-gray-background-color" href="http://www.mcnbiografias.com/">La Web de las Biografías</a></div>



<div class="wp-block-button"><a class="wp-block-button__link has-text-color has-vivid-cyan-blue-color has-background has-very-light-gray-background-color" href="https://www.biography.com/">Biography</a></div>



<div class="wp-block-button"><a class="wp-block-button__link has-text-color has-vivid-cyan-blue-color has-background has-very-light-gray-background-color" href="http://www.lexjuris.com/biografias/artistas.htm">Biografías de Puerto Rico</a></div>

Biografías y Vidas Biografías de Líderes Políticos Vidas Famosas Personajes Históricos La Web de las Biografías Biography Biografías de Puerto Rico
