{"id":12,"date":"2013-03-20T19:03:26","date_gmt":"2013-03-20T19:03:26","guid":{"rendered":"https:\/\/centroderecursosmarista.org\/?page_id=12"},"modified":"2019-01-24T09:10:14","modified_gmt":"2019-01-24T13:10:14","slug":"bases-de-datos-gratuitas","status":"publish","type":"page","link":"https:\/\/centroderecursosmarista.org\/?page_id=12","title":{"rendered":"Bases de Datos Gratuitas"},"content":{"rendered":"<div class=\"wpb_row vc_row-fluid \"> \n\t<div class=\"vc_span12 wpb_column column_container\">\n\t\t<div class=\"wpb_wrapper\">\n\t\t\t \n\t<div class=\"wpb_accordion wpb_content_element  not-column-inherit\">\n\t\t<div class=\"wpb_wrapper wpb_accordion_wrapper ui-accordion\">\n\t\t\t \n\t\t\t<div class=\"wpb_accordion_section group\">\n\t\t\t\t<h3 class=\"ui-accordion-header\"><a href=\"#\">ArXiv- Cornell University Library<\/a><\/h3>\n\t\t\t\t<div class=\"wpb_row vc_row-fluid ui-accordion-content\">\n\t\t\t\t \n\t<div class=\"wpb_gallery wpb_content_element clearfix\">\n\t\t<div class=\"wpb_wrapper\"><div class=\"wpb_gallery_slides wpb_flexslider flexslider_fade flexslider\" data-interval=\"3\" data-flex_fx=\"fade\"><ul class=\"slides\"><li><a class=\"prettyphoto\" rel=\"prettyPhoto[rel-1902957743]\" href=\"https:\/\/centroderecursosmarista.org\/wp-content\/uploads\/2013\/05\/arvix.jpg\"><img src=\"https:\/\/centroderecursosmarista.org\/wp-content\/uploads\/2013\/05\/arvix.jpg\" width=\"480\" height=\"250\" alt=\"arvix\" \/><\/a><\/li><li><a class=\"prettyphoto\" rel=\"prettyPhoto[rel-1902957743]\" href=\"https:\/\/centroderecursosmarista.org\/wp-content\/uploads\/2013\/05\/arvix1.jpg\"><img src=\"https:\/\/centroderecursosmarista.org\/wp-content\/uploads\/2013\/05\/arvix1.jpg\" width=\"480\" height=\"250\" alt=\"arvix1\" \/><\/a><\/li><\/ul><\/div>\n\t\t<\/div> \n\t<\/div>  <a class=\"wpb_button_a\" title=\"Ver P\u00e1gina Web\" href=\"http:\/\/arxiv.org\/\"><span class=\"wpb_button  wpb_btn-info wpb_regularsize\">Ver P\u00e1gina Web<\/span><\/a>\n \n\t\t\t\t<\/div>\n\t\t\t<\/div> \n \n\t\t\t<div class=\"wpb_accordion_section group\">\n\t\t\t\t<h3 class=\"ui-accordion-header\"><a href=\"#\">PubMed<\/a><\/h3>\n\t\t\t\t<div class=\"wpb_row vc_row-fluid ui-accordion-content\">\n\t\t\t\t \n\t<div class=\"wpb_gallery wpb_content_element clearfix\">\n\t\t<div class=\"wpb_wrapper\"><div class=\"wpb_gallery_slides wpb_flexslider flexslider_fade flexslider\" data-interval=\"3\" data-flex_fx=\"fade\"><ul class=\"slides\"><li><a href=\"http:\/\/www.ncbi.nlm.nih.gov\/pubmed\" target=\"_self\"><img src=\"https:\/\/centroderecursosmarista.org\/wp-content\/uploads\/2013\/05\/pubmed.jpg\" width=\"480\" height=\"250\" alt=\"pubmed\" \/><\/a><\/li><li><img src=\"https:\/\/centroderecursosmarista.org\/wp-content\/uploads\/2013\/05\/pubmed1.jpg\" width=\"480\" height=\"250\" alt=\"pubmed1\" \/><\/li><\/ul><\/div>\n\t\t<\/div> \n\t<\/div>  <a class=\"wpb_button_a\" title=\"Ver P\u00e1gina Web\" href=\"http:\/\/www.ncbi.nlm.nih.gov\/pubmed\"><span class=\"wpb_button  wpb_btn-info wpb_regularsize\">Ver P\u00e1gina Web<\/span><\/a>\n \n\t\t\t\t<\/div>\n\t\t\t<\/div> \n \n\t\t\t<div class=\"wpb_accordion_section group\">\n\t\t\t\t<h3 class=\"ui-accordion-header\"><a href=\"#\">OARE- Online Access to Research in the Environment<\/a><\/h3>\n\t\t\t\t<div class=\"wpb_row vc_row-fluid ui-accordion-content\">\n\t\t\t\t \n\t<div class=\"wpb_gallery wpb_content_element clearfix\">\n\t\t<div class=\"wpb_wrapper\"><div class=\"wpb_gallery_slides wpb_flexslider flexslider_fade flexslider\" data-interval=\"3\" data-flex_fx=\"fade\"><ul class=\"slides\"><li><a href=\"http:\/\/www.unep.org\/oare\/en\/\" target=\"_self\"><img src=\"https:\/\/centroderecursosmarista.org\/wp-content\/uploads\/2013\/03\/orae.jpg\" width=\"480\" height=\"250\" alt=\"orae\" \/><\/a><\/li><\/ul><\/div>\n\t\t<\/div> \n\t<\/div>  <a class=\"wpb_button_a\" title=\"Ver P\u00e1gina Web\" href=\"http:\/\/www.unep.org\/oare\/en\/\"><span class=\"wpb_button  wpb_btn-info wpb_regularsize\">Ver P\u00e1gina Web<\/span><\/a>\n \n\t\t\t\t<\/div>\n\t\t\t<\/div> \n \n\t\t\t<div class=\"wpb_accordion_section group\">\n\t\t\t\t<h3 class=\"ui-accordion-header\"><a href=\"#\">PLOS- Public Library of Science<\/a><\/h3>\n\t\t\t\t<div class=\"wpb_row vc_row-fluid ui-accordion-content\">\n\t\t\t\t \n\t<div class=\"wpb_gallery wpb_content_element clearfix\">\n\t\t<div class=\"wpb_wrapper\"><div class=\"wpb_gallery_slides wpb_flexslider flexslider_fade flexslider\" data-interval=\"3\" data-flex_fx=\"fade\"><ul class=\"slides\"><li><a href=\"http:\/\/www.plos.org\/about\/what-is-plos\/\" target=\"_self\"><img src=\"https:\/\/centroderecursosmarista.org\/wp-content\/uploads\/2013\/05\/plos.jpg\" width=\"480\" height=\"250\" alt=\"plos\" \/><\/a><\/li><li><img src=\"https:\/\/centroderecursosmarista.org\/wp-content\/uploads\/2013\/05\/plos1.jpg\" width=\"480\" height=\"250\" alt=\"plos1\" \/><\/li><\/ul><\/div>\n\t\t<\/div> \n\t<\/div>  <a class=\"wpb_button_a\" title=\"Ver P\u00e1gina Web\" href=\"http:\/\/www.plos.org\/\"><span class=\"wpb_button  wpb_btn-info wpb_regularsize\">Ver P\u00e1gina Web<\/span><\/a>\n \n\t\t\t\t<\/div>\n\t\t\t<\/div> \n \n\t\t\t<div class=\"wpb_accordion_section group\">\n\t\t\t\t<h3 class=\"ui-accordion-header\"><a href=\"#\">Redalyc- Red de Revistas Cient\u00edficas de Am\u00e9rica Latinas y el Caribe, Espa\u00f1a y Portugal<\/a><\/h3>\n\t\t\t\t<div class=\"wpb_row vc_row-fluid ui-accordion-content\">\n\t\t\t\t \n\t<div class=\"wpb_gallery wpb_content_element clearfix\">\n\t\t<div class=\"wpb_wrapper\"><div class=\"wpb_gallery_slides wpb_flexslider flexslider_fade flexslider\" data-interval=\"3\" data-flex_fx=\"fade\"><ul class=\"slides\"><li><a href=\"http:\/\/www.redalyc.org\/\" target=\"_self\"><img src=\"https:\/\/centroderecursosmarista.org\/wp-content\/uploads\/2013\/05\/redalyc.jpg\" width=\"480\" height=\"250\" alt=\"redalyc\" \/><\/a><\/li><li><img src=\"https:\/\/centroderecursosmarista.org\/wp-content\/uploads\/2013\/05\/redalyc1.jpg\" width=\"480\" height=\"250\" alt=\"redalyc1\" \/><\/li><\/ul><\/div>\n\t\t<\/div> \n\t<\/div>  <a class=\"wpb_button_a\" title=\"Ver P\u00e1gina Web\" href=\"http:\/\/www.redalyc.org\/\"><span class=\"wpb_button  wpb_btn-info wpb_regularsize\">Ver P\u00e1gina Web<\/span><\/a>\n \n\t\t\t\t<\/div>\n\t\t\t<\/div> \n \n\t\t\t<div class=\"wpb_accordion_section group\">\n\t\t\t\t<h3 class=\"ui-accordion-header\"><a href=\"#\">Scielo- Scientific Electronic Library Online<\/a><\/h3>\n\t\t\t\t<div class=\"wpb_row vc_row-fluid ui-accordion-content\">\n\t\t\t\t \n\t<div class=\"wpb_gallery wpb_content_element clearfix\">\n\t\t<div class=\"wpb_wrapper\"><div class=\"wpb_gallery_slides wpb_flexslider flexslider_fade flexslider\" data-interval=\"3\" data-flex_fx=\"fade\"><ul class=\"slides\"><li><a href=\"http:\/\/www.scielo.org\/php\/index.php?lang=en\" target=\"_self\"><img src=\"https:\/\/centroderecursosmarista.org\/wp-content\/uploads\/2013\/05\/scielo.jpg\" width=\"480\" height=\"250\" alt=\"scielo\" \/><\/a><\/li><li><img src=\"https:\/\/centroderecursosmarista.org\/wp-content\/uploads\/2013\/05\/scielo1.jpg\" width=\"480\" height=\"250\" alt=\"scielo1\" \/><\/li><\/ul><\/div>\n\t\t<\/div> \n\t<\/div>  <a class=\"wpb_button_a\" title=\"Ver P\u00e1gina Web\" href=\"http:\/\/www.scielo.org\/php\/index.php?lang=en\"><span class=\"wpb_button  wpb_btn-info wpb_regularsize\">Ver P\u00e1gina Web<\/span><\/a>\n \n\t\t\t\t<\/div>\n\t\t\t<\/div> \n \n\t\t\t<div class=\"wpb_accordion_section group\">\n\t\t\t\t<h3 class=\"ui-accordion-header\"><a href=\"#\">ADS- Astrophysics Data System \u2013 Harvard University<\/a><\/h3>\n\t\t\t\t<div class=\"wpb_row vc_row-fluid ui-accordion-content\">\n\t\t\t\t \n\t<div class=\"wpb_gallery wpb_content_element clearfix\">\n\t\t<div class=\"wpb_wrapper\"><div class=\"wpb_gallery_slides wpb_flexslider flexslider_fade flexslider\" data-interval=\"3\" data-flex_fx=\"fade\"><ul class=\"slides\"><li><a href=\"http:\/\/adsabs.harvard.edu\/\" target=\"_self\"><img src=\"https:\/\/centroderecursosmarista.org\/wp-content\/uploads\/2013\/05\/ads.jpg\" width=\"480\" height=\"250\" alt=\"ads\" \/><\/a><\/li><li><img src=\"https:\/\/centroderecursosmarista.org\/wp-content\/uploads\/2013\/05\/ads1.jpg\" width=\"480\" height=\"250\" alt=\"ads1\" \/><\/li><\/ul><\/div>\n\t\t<\/div> \n\t<\/div>  <a class=\"wpb_button_a\" title=\"Ver P\u00e1gina Web\" href=\"http:\/\/adsabs.harvard.edu\/\"><span class=\"wpb_button  wpb_btn-info wpb_regularsize\">Ver P\u00e1gina Web<\/span><\/a>\n \n\t\t\t\t<\/div>\n\t\t\t<\/div> \n \n\t\t\t<div class=\"wpb_accordion_section group\">\n\t\t\t\t<h3 class=\"ui-accordion-header\"><a href=\"#\">Hirewire- Stanford University<\/a><\/h3>\n\t\t\t\t<div class=\"wpb_row vc_row-fluid ui-accordion-content\">\n\t\t\t\t \n\t<div class=\"wpb_gallery wpb_content_element clearfix\">\n\t\t<div class=\"wpb_wrapper\"><div class=\"wpb_gallery_slides wpb_flexslider flexslider_fade flexslider\" data-interval=\"3\" data-flex_fx=\"fade\"><ul class=\"slides\"><li><a href=\"http:\/\/highwire.stanford.edu\/\" target=\"_self\"><img src=\"https:\/\/centroderecursosmarista.org\/wp-content\/uploads\/2013\/05\/high.jpg\" width=\"480\" height=\"250\" alt=\"high\" \/><\/a><\/li><li><img src=\"https:\/\/centroderecursosmarista.org\/wp-content\/uploads\/2013\/05\/high1.jpg\" width=\"480\" height=\"250\" alt=\"high1\" \/><\/li><\/ul><\/div>\n\t\t<\/div> \n\t<\/div>  <a class=\"wpb_button_a\" title=\"Ver P\u00e1gina Web\" href=\"http:\/\/highwire.stanford.edu\/\"><span class=\"wpb_button  wpb_btn-info wpb_regularsize\">Ver P\u00e1gina Web<\/span><\/a>\n \n\t\t\t\t<\/div>\n\t\t\t<\/div> \n \n\t\t\t<div class=\"wpb_accordion_section group\">\n\t\t\t\t<h3 class=\"ui-accordion-header\"><a href=\"#\">FAOSTAT- Food and Agriculture Organization of United Nation<\/a><\/h3>\n\t\t\t\t<div class=\"wpb_row vc_row-fluid ui-accordion-content\">\n\t\t\t\t \n\t<div class=\"wpb_gallery wpb_content_element clearfix\">\n\t\t<div class=\"wpb_wrapper\"><div class=\"wpb_gallery_slides wpb_flexslider flexslider_fade flexslider\" data-interval=\"3\" data-flex_fx=\"fade\"><ul class=\"slides\"><li><a href=\"http:\/\/kiosko.net\/\" target=\"_self\"><img src=\"https:\/\/centroderecursosmarista.org\/wp-content\/uploads\/2013\/03\/kiosko.jpg\" width=\"480\" height=\"250\" alt=\"kiosko\" \/><\/a><\/li><li><img src=\"https:\/\/centroderecursosmarista.org\/wp-content\/uploads\/2013\/03\/kiosko1.jpg\" width=\"480\" height=\"250\" alt=\"kiosko1\" \/><\/li><\/ul><\/div>\n\t\t<\/div> \n\t<\/div>  <a class=\"wpb_button_a\" title=\"Ver P\u00e1gina Web\" href=\"http:\/\/faostat.fao.org\/#\"><span class=\"wpb_button  wpb_btn-info wpb_regularsize\">Ver P\u00e1gina Web<\/span><\/a>\n \n\t\t\t\t<\/div>\n\t\t\t<\/div> \n \n\t\t\t<div class=\"wpb_accordion_section group\">\n\t\t\t\t<h3 class=\"ui-accordion-header\"><a href=\"#\">DOAJ-Directory of Open Access Journals<\/a><\/h3>\n\t\t\t\t<div class=\"wpb_row vc_row-fluid ui-accordion-content\">\n\t\t\t\t \n\t<div class=\"wpb_gallery wpb_content_element clearfix\">\n\t\t<div class=\"wpb_wrapper\"><div class=\"wpb_gallery_slides wpb_flexslider flexslider_fade flexslider\" data-interval=\"3\" data-flex_fx=\"fade\"><ul class=\"slides\"><li><a href=\"http:\/\/www.doaj.org\/doaj?func=home\" target=\"_self\"><img src=\"https:\/\/centroderecursosmarista.org\/wp-content\/uploads\/2013\/05\/doaj.jpg\" width=\"480\" height=\"250\" alt=\"doaj\" \/><\/a><\/li><li><img src=\"https:\/\/centroderecursosmarista.org\/wp-content\/uploads\/2013\/05\/doaj1.jpg\" width=\"480\" height=\"250\" alt=\"doaj1\" \/><\/li><\/ul><\/div>\n\t\t<\/div> \n\t<\/div>  <a class=\"wpb_button_a\" title=\"Ver P\u00e1gina Web\" href=\"http:\/\/doaj.org\/\"><span class=\"wpb_button  wpb_btn-info wpb_regularsize\">Ver P\u00e1gina Web<\/span><\/a>\n \n\t\t\t\t<\/div>\n\t\t\t<\/div> \n \n\t\t\t<div class=\"wpb_accordion_section group\">\n\t\t\t\t<h3 class=\"ui-accordion-header\"><a href=\"#\">National Agricultural Library<\/a><\/h3>\n\t\t\t\t<div class=\"wpb_row vc_row-fluid ui-accordion-content\">\n\t\t\t\t \n\t<div class=\"wpb_gallery wpb_content_element clearfix\">\n\t\t<div class=\"wpb_wrapper\"><div class=\"wpb_gallery_slides wpb_flexslider flexslider_fade flexslider\" data-interval=\"3\" data-flex_fx=\"fade\"><ul class=\"slides\"><li><a href=\"http:\/\/ndb.nal.usda.gov\/\" target=\"_self\"><img src=\"https:\/\/centroderecursosmarista.org\/wp-content\/uploads\/2013\/05\/nal.jpg\" width=\"480\" height=\"250\" alt=\"nal\" \/><\/a><\/li><li><img src=\"https:\/\/centroderecursosmarista.org\/wp-content\/uploads\/2013\/05\/nal1.jpg\" width=\"480\" height=\"250\" alt=\"nal1\" \/><\/li><\/ul><\/div>\n\t\t<\/div> \n\t<\/div>  <a class=\"wpb_button_a\" title=\"Ver P\u00e1gina Web\" href=\"http:\/\/ndb.nal.usda.gov\/\"><span class=\"wpb_button  wpb_btn-info wpb_regularsize\">Ver P\u00e1gina Web<\/span><\/a>\n \n\t\t\t\t<\/div>\n\t\t\t<\/div> \n \n\t\t<\/div> \n\t<\/div>  \n\t\t<\/div> \n\t<\/div> \n <\/div>\n","protected":false},"excerpt":{"rendered":"ArXiv- Cornell University Library Ver P\u00e1gina Web PubMed Ver P\u00e1gina Web OARE- Online Access to Research in the Environment Ver P\u00e1gina Web PLOS- Public Library of Science Ver P\u00e1gina Web [...]","protected":false},"author":1,"featured_media":0,"parent":0,"menu_order":0,"comment_status":"open","ping_status":"open","template":"","meta":{"jetpack_post_was_ever_published":false},"jetpack_sharing_enabled":true,"jetpack_shortlink":"https:\/\/wp.me\/P3q1yj-c","_links":{"self":[{"href":"https:\/\/centroderecursosmarista.org\/index.php?rest_route=\/wp\/v2\/pages\/12"}],"collection":[{"href":"https:\/\/centroderecursosmarista.org\/index.php?rest_route=\/wp\/v2\/pages"}],"about":[{"href":"https:\/\/centroderecursosmarista.org\/index.php?rest_route=\/wp\/v2\/types\/page"}],"author":[{"embeddable":true,"href":"https:\/\/centroderecursosmarista.org\/index.php?rest_route=\/wp\/v2\/users\/1"}],"replies":[{"embeddable":true,"href":"https:\/\/centroderecursosmarista.org\/index.php?rest_route=%2Fwp%2Fv2%2Fcomments&post=12"}],"version-history":[{"count":11,"href":"https:\/\/centroderecursosmarista.org\/index.php?rest_route=\/wp\/v2\/pages\/12\/revisions"}],"predecessor-version":[{"id":553,"href":"https:\/\/centroderecursosmarista.org\/index.php?rest_route=\/wp\/v2\/pages\/12\/revisions\/553"}],"wp:attachment":[{"href":"https:\/\/centroderecursosmarista.org\/index.php?rest_route=%2Fwp%2Fv2%2Fmedia&parent=12"}],"curies":[{"name":"wp","href":"https:\/\/api.w.org\/{rel}","templated":true}]}}